{"id":177,"date":"2020-07-05T16:40:29","date_gmt":"2020-07-05T15:40:29","guid":{"rendered":"https:\/\/boutique.francois-golla.com\/?post_type=product&#038;p=177"},"modified":"2026-03-29T09:59:14","modified_gmt":"2026-03-29T08:59:14","slug":"menu-invitation-aux-traditions-innovations","status":"publish","type":"product","link":"https:\/\/boutique.francois-golla.com\/?product=menu-invitation-aux-traditions-innovations","title":{"rendered":"Menu Invitation aux Traditions &#038; Innovations"},"content":{"rendered":"<p>Photo non contractuelle<br \/>\nR\u00e9servation obligatoire en indiquant votre num\u00e9ro de bon (sous r\u00e9serve de disponibilit\u00e9)<\/p>\n","protected":false},"excerpt":{"rendered":"<p>Prix par personne<\/p>\n<p><strong>Dans la tradition de la maison ou dans l\u2019innovation de la saison :<\/strong><br \/>\nUn amuse bouche,<br \/>\nDeux ou trois choix d\u2019entr\u00e9e,<br \/>\nDeux ou trois choix de poisson ou\u00a0 viande,<br \/>\nDeux ou trois choix de desserts ou les fromages frais et affin\u00e9s,<br \/>\nLes mignardises.<\/p>\n","protected":false},"featured_media":32,"template":"","meta":{"jetpack_post_was_ever_published":false,"jetpack_publicize_message":"","jetpack_publicize_feature_enabled":true,"jetpack_social_post_already_shared":true,"jetpack_social_options":{"image_generator_settings":{"template":"highway","default_image_id":0,"font":"","enabled":false},"version":2}},"product_brand":[],"product_cat":[15],"product_tag":[],"class_list":{"0":"post-177","1":"product","2":"type-product","3":"status-publish","4":"has-post-thumbnail","6":"product_cat-menus","8":"first","9":"instock","10":"taxable","11":"shipping-taxable","12":"purchasable","13":"product-type-simple"},"jetpack_publicize_connections":[],"jetpack_sharing_enabled":true,"_links":{"self":[{"href":"https:\/\/boutique.francois-golla.com\/index.php?rest_route=\/wp\/v2\/product\/177","targetHints":{"allow":["GET"]}}],"collection":[{"href":"https:\/\/boutique.francois-golla.com\/index.php?rest_route=\/wp\/v2\/product"}],"about":[{"href":"https:\/\/boutique.francois-golla.com\/index.php?rest_route=\/wp\/v2\/types\/product"}],"wp:featuredmedia":[{"embeddable":true,"href":"https:\/\/boutique.francois-golla.com\/index.php?rest_route=\/wp\/v2\/media\/32"}],"wp:attachment":[{"href":"https:\/\/boutique.francois-golla.com\/index.php?rest_route=%2Fwp%2Fv2%2Fmedia&parent=177"}],"wp:term":[{"taxonomy":"product_brand","embeddable":true,"href":"https:\/\/boutique.francois-golla.com\/index.php?rest_route=%2Fwp%2Fv2%2Fproduct_brand&post=177"},{"taxonomy":"product_cat","embeddable":true,"href":"https:\/\/boutique.francois-golla.com\/index.php?rest_route=%2Fwp%2Fv2%2Fproduct_cat&post=177"},{"taxonomy":"product_tag","embeddable":true,"href":"https:\/\/boutique.francois-golla.com\/index.php?rest_route=%2Fwp%2Fv2%2Fproduct_tag&post=177"}],"curies":[{"name":"wp","href":"https:\/\/api.w.org\/{rel}","templated":true}]}}