{"id":55,"date":"2020-06-24T10:10:24","date_gmt":"2020-06-24T09:10:24","guid":{"rendered":"https:\/\/boutique.francois-golla.com\/?post_type=product&#038;p=55"},"modified":"2025-12-14T15:07:49","modified_gmt":"2025-12-14T14:07:49","slug":"la-chambre-classique","status":"publish","type":"product","link":"https:\/\/boutique.francois-golla.com\/?product=la-chambre-classique","title":{"rendered":"La chambre classique"},"content":{"rendered":"<p>R\u00e9servation obligatoire en indiquant votre num\u00e9ro de bon (sous r\u00e9serve de disponibilit\u00e9)<\/p>\n<p><strong>Taxe de s\u00e9jour \u00e0 r\u00e9gler sur place au d\u00e9part en sus<\/strong><\/p>\n<p>Photo non contractuelle<\/p>\n","protected":false},"excerpt":{"rendered":"<p>Au del\u00e0 de leurs diff\u00e9rences de style, toutes les chambres du Boeuf Rouge offrent un niveau de prestations en fonctions de vos attentes, des \u00e9quipements alliant tradition et modernit\u00e9 , le tout assaisonn\u00e9 d&rsquo;une touche r\u00e9gionale.<\/p>\n<p>Quand on s&rsquo;appelle le Boeuf Rouge et qu&rsquo;on propose une cuisine d&rsquo;exception, gageons qu&rsquo;on peut d\u00e9finitivement pas se satisfaire de chambres sans saveur !<\/p>\n<ul>\n<li>Climatis\u00e9e<\/li>\n<li>Wi-fi, s\u00e8che-cheveux, toilettes s\u00e9par\u00e9s, grand \u00e9cran plat<\/li>\n<li>Eb\u00e9nisterie d&rsquo;art Alsacienne<\/li>\n<li>Parking gratuit<\/li>\n<\/ul>\n","protected":false},"featured_media":44,"template":"","meta":{"jetpack_post_was_ever_published":false,"jetpack_publicize_message":"","jetpack_publicize_feature_enabled":true,"jetpack_social_post_already_shared":true,"jetpack_social_options":{"image_generator_settings":{"template":"highway","default_image_id":0,"font":"","enabled":false},"version":2}},"product_brand":[],"product_cat":[20],"product_tag":[],"class_list":{"0":"post-55","1":"product","2":"type-product","3":"status-publish","4":"has-post-thumbnail","6":"product_cat-chambres","8":"first","9":"instock","10":"taxable","11":"shipping-taxable","12":"purchasable","13":"product-type-simple"},"jetpack_publicize_connections":[],"jetpack_sharing_enabled":true,"_links":{"self":[{"href":"https:\/\/boutique.francois-golla.com\/index.php?rest_route=\/wp\/v2\/product\/55","targetHints":{"allow":["GET"]}}],"collection":[{"href":"https:\/\/boutique.francois-golla.com\/index.php?rest_route=\/wp\/v2\/product"}],"about":[{"href":"https:\/\/boutique.francois-golla.com\/index.php?rest_route=\/wp\/v2\/types\/product"}],"wp:featuredmedia":[{"embeddable":true,"href":"https:\/\/boutique.francois-golla.com\/index.php?rest_route=\/wp\/v2\/media\/44"}],"wp:attachment":[{"href":"https:\/\/boutique.francois-golla.com\/index.php?rest_route=%2Fwp%2Fv2%2Fmedia&parent=55"}],"wp:term":[{"taxonomy":"product_brand","embeddable":true,"href":"https:\/\/boutique.francois-golla.com\/index.php?rest_route=%2Fwp%2Fv2%2Fproduct_brand&post=55"},{"taxonomy":"product_cat","embeddable":true,"href":"https:\/\/boutique.francois-golla.com\/index.php?rest_route=%2Fwp%2Fv2%2Fproduct_cat&post=55"},{"taxonomy":"product_tag","embeddable":true,"href":"https:\/\/boutique.francois-golla.com\/index.php?rest_route=%2Fwp%2Fv2%2Fproduct_tag&post=55"}],"curies":[{"name":"wp","href":"https:\/\/api.w.org\/{rel}","templated":true}]}}

<p>Réservation obligatoire en indiquant votre numéro de bon (sous réserve de disponibilité)</p>
<p><strong>Taxe de séjour à régler sur place au départ en sus</strong></p>
<p>Photo non contractuelle</p>

<p>Au delà de leurs différences de style, toutes les chambres du Boeuf Rouge offrent un niveau de prestations en fonctions de vos attentes, des équipements alliant tradition et modernité , le tout assaisonné d&rsquo;une touche régionale.</p>
<p>Quand on s&rsquo;appelle le Boeuf Rouge et qu&rsquo;on propose une cuisine d&rsquo;exception, gageons qu&rsquo;on peut définitivement pas se satisfaire de chambres sans saveur !</p>
<ul>
<li>Climatisée</li>
<li>Wi-fi, sèche-cheveux, toilettes séparés, grand écran plat</li>
<li>Ebénisterie d&rsquo;art Alsacienne</li>
<li>Parking gratuit</li>
</ul>
